 = 4*a + 3*c - 5992, 365*a - 361*a + 4*c - 5996 = 0. What is the greatest common factor of 690 and a?
115
Suppose 0 = 4*x - 104. Suppose -23*w + x*w - 57 = 0. Calculate the greatest common factor of w and 19.
19
Let p be (-6)/(-45)*3 + 13608/(-70). Let k = 221 + p. What is the highest common divisor of 216 and k?
27
Let l = -1784 - -1839. Suppose 0 = -9*c + 6*c + 132. Calculate the highest common divisor of l and c.
11
Suppose 0 = -5*p + 3*y + 657, 2*y = 4 - 12. Let t = p + -106. Calculate the highest common divisor of t and 115.
23
Suppose -331*r - 385 = -320*r. Suppose -5*u - 195 = -0*u. Let f = r - u. Calculate the highest common factor of f and 20.
4
Suppose 4*z = 963 + 1949. Suppose 3*k - z = -5*k. Let l = k - 43. What is the highest common divisor of 64 and l?
16
Let t be -1 - 2 - (-13)/4*(-252)/(-7). What is the greatest common divisor of t and 9234?
114
Let g be (27/(-15))/(-3)*-10. Let m be (-1)/g - (1220/(-24) - -11). What is the highest common divisor of 16 and m?
8
Suppose 116*y + 114*y = 222*y + 992. Calculate the greatest common factor of 92 and y.
4
Let j(b) = 2*b**2 - 4*b + 32. Let y be j(-4). What is the greatest common factor of 3920 and y?
80
Let n be (-1 + 1)/((-63)/21). Suppose -3*k + 0*k + 27 = n. Suppose u + 1 = k. What is the greatest common factor of u and 8?
8
Suppose 4*n + 6*n = -237 + 467. What is the greatest common divisor of 7061 and n?
23
Let p(d) = d**2 + 22*d - 98. Let t be p(-30). Suppose 9*o = t + 56. Calculate the greatest common factor of 352 and o.
22
Let k(n) = -17*n - 173. Let s be k(-27). Suppose -442 = -26*r + s. Suppose -55 = 3*w - 181. Calculate the greatest common divisor of r and w.
14
Let k = -84 - -89. Suppose 3*w - 32 = k*f, 4*w + 2*f + 2 = 10. Let i be (-1)/w - (116/(-16) - 7). What is the greatest common factor of i and 14?
14
Let v be (1 + 3)*5/110 + 12516/132. Calculate the highest common factor of v and 1406.
19
Let l be (51/(-6) + 3)*-2. Suppose -l*a + 35 = -10*a. Suppose -k - 11 = 5*g - 60, -k + 2*g = -a. What is the greatest common divisor of 26 and k?
13
Let k be (2/(-6))/(11/(-231)). Suppose -62 = -3*d + 4*v, k*v = 2*v - 25. Let o be (-6)/(-32) - (-16056)/384. What is the greatest common factor of o and d?
14
Let h(x) = 4*x**2 + 73*x + 59. Let l be h(-24). Calculate the highest common divisor of 799 and l.
47
Let s be (-16)/(-40)*5/2. Let c be (1272/(-144))/(s/(-6)) + -5. Calculate the highest common divisor of 240 and c.
48
Suppose -47*l + 48348 = -83628. Suppose -9*s = -s - l. Calculate the highest common divisor of 39 and s.
39
Let a(n) = 4*n**2 + 4*n**2 - 7*n**2 + 641*n - 674*n + 234. Let f be a(26). Calculate the greatest common factor of 247 and f.
13
Let l = -8821 - -8984. Calculate the greatest common factor of 4 and l.
1
Let k be (-12)/(-8) - (10/(-4) - -2). Suppose k*j - 9 = 9. Let h(f) = 6*f**2 + 6*f - 9. Let c be h(-6). Calculate the greatest common factor of j and c.
9
Suppose 10 = -q - 200. Let b be q/(-8) - (-51)/68. What is the greatest common divisor of b and 621?
27
Suppose 269*u - 8123 = -2205. Calculate the highest common factor of u and 847.
11
Let o = 43829 - 43811. Let l(t) be the first derivative of t**2/2 - 6*t + 1. Let i be l(8). What is the greatest common factor of i and o?
2
Suppose 6907*d = 6904*d + 5238. What is the greatest common divisor of 36 and d?
18
Let s(b) = 25*b**2 + 6*b - 18. Let l be s(6). Calculate the greatest common factor of l and 68.
34
Let d(a) = 3*a - 19. Let v be d(7). Suppose v*u - u - 100 = -t, 9 = 3*t. Let o = u - 70. Calculate the highest common factor of 54 and o.
27
Suppose -16*y = -14*y - 180. Suppose -29*u + 20 = -27*u. Calculate the greatest common divisor of u and y.
10
Suppose -3*r + 505 = 2*n + 2*r, 5*n = -r + 1251. Let u(i) = -i**3 - 21*i**2 + 5*i - 893. Let z be u(-23). Calculate the highest common divisor of n and z.
50
Let l = 152 - 98. Suppose 6 = 3*q, 6*q - 7*q = -n + 55. Let i = n + -21. Calculate the highest common factor of i and l.
18
Suppose -14 = -h - 8. Let r be 9/h - 180/(-8). Let s(w) = w**3 - 5*w**2 + 5*w - 1. Let x be s(5). What is the greatest common divisor of r and x?
24
Let q be 4 + 0 + 2 + -1. Let y = q - -5. Let z be (-7315)/38*(-4)/7. What is the greatest common factor of y and z?
10
Suppose 3591 - 24246 = -15*h. Suppose -17 = 20*s - h. Let o = 73 + 29. Calculate the highest common factor of s and o.
34
Suppose 0 = 5*j - 3*h - 737, 3*h = 2*j - 152 - 132. What is the highest common divisor of 19026 and j?
151
Suppose 4*p = 4*n + 3*p + 149, -3*p = -5*n - 188. Let r = 32 + n. Let y be r + 4 + (-3 - -32). What is the highest common divisor of 4 and y?
4
Suppose -248 = k - 91. Let p = -137 - k. Calculate the highest common factor of p and 20.
20
Suppose -8*h + 267 - 243 = 0. Let p be (-6)/h*3/(-6)*2. Let u = -13 - -29. What is the highest common factor of p and u?
2
Let o(g) = -2*g**3 - 20*g**2 - 22*g - 34. Let v be o(-9). Let u be (6 - -2) + 14 - (0 - v). What is the highest common divisor of u and 1320?
24
Suppose 30*l - 3095 = 7645. Let g = l - 342. Let d = -14 + 16. Calculate the greatest common divisor of d and g.
2
Let y = 8 + -4. Suppose o + 5*v + 36 = 55, 4*v = -5*o + 116. Calculate the greatest common factor of o and y.
4
Suppose 18*h - 6163 - 30611 = 0. What is the highest common factor of h and 9?
9
Let l(i) = -78*i**2 + 2*i + 3. Let u be l(-3). Let m = 720 + u. Calculate the highest common divisor of 120 and m.
15
Let q(a) be the third derivative of a**6/60 - 11*a**5/30 - 7*a**4/24 - a**3/6 + 3*a**2 - 6*a. Let v be q(12). What is the highest common divisor of 29 and v?
29
Suppose 25*m = 10*m + 1095. Let r = -70 + m. Suppose -r*g = -6*g - 4*z + 3, 5*z - 1 = -g. Calculate the highest common divisor of g and 9.
1
Suppose 1702 = -4*t - 3*i, 3*t + 245 = 3*i - 1021. Let g = t + 438. Calculate the highest common factor of g and 28.
14
Let f(x) = -2*x**3 - 14*x**2 - 12*x - 33. Let i be f(-7). What is the greatest common divisor of 527 and i?
17
Let z be (-41812)/(-78) + 102/(-1989) - (-1 + 9). Calculate the greatest common factor of 4884 and z.
132
Let l be (-12 + -2)*(-16)/32. Let y be 53 + -1*(-4 + l). What is the greatest common factor of y and 20?
10
Suppose 0 = 156*k - 159562 + 29146. What is the greatest common divisor of 209 and k?
209
Let s(v) = 171*v + 3. Let i be 1*(-3 - (-11 + 3)). Let k be s(i). Suppose -5*h = -262 - k. What is the highest common divisor of 32 and h?
32
Suppose 162 = 3*i - 5*k + 8*k, -4*i = 2*k - 224. Suppose -i*n = -64*n + 90. Calculate the highest common factor of n and 90.
15
Let p(u) be the second derivative of -u**3/6 + 7*u**2 - 2*u - 15. Let y be p(11). What is the highest common divisor of 21 and y?
3
Suppose q = -2*q - 2*q. Suppose q = -18*n - 2*n + 240. Calculate the greatest common factor of n and 348.
12
Let n be -1 - -11*(3 - 2). Let d(c) = -c**3 + 7*c**2 + 16*c + 16. Let k be d(8). Let q = -10 + k. What is the greatest common divisor of q and n?
10
Suppose 0 = -4*a - 933 + 1281. What is the highest common divisor of 7 and a?
1
Let g = 26926 + -26824. What is the highest common divisor of 5814 and g?
102
Let v be ((1 - (-85)/(-20)) + -5)/(42/(-8064)). Calculate the greatest common divisor of 77 and v.
11
Let j be (13 + -17 + -886 - (3 + 0))/(-1). Suppose -d + 57 = -z + 12, 0 = 4*d - 3*z - 182. Calculate the greatest common factor of j and d.
47
Let g = 2 + 0. Let j = 175585 - 175584. Calculate the greatest common divisor of j and g.
1
Let b(h) = -39*h - 58. Let z be b(-25). Let c = -916 + z. Calculate the highest common divisor of c and 11.
1
Suppose -2*p - 2*f = -904, 46*f - 41*f = 20. Calculate the highest common divisor of 272 and p.
16
Let w(p) = -8*p + 48. Let d(x) = -2*x**3 + 2*x**2 + x + 3. Let m be d(0). Let c be w(m). Calculate the highest common divisor of c and 54.
6
Suppose 88*r = 73*r + 120. Suppose 5*f = -25, c - 17 - 2 = -f. What is the greatest common divisor of c and r?
8
Suppose -26*m + 13483 = 2823. What is the greatest common factor of m and 30?
10
Suppose 196 = -16*m + 12*m. Let o = -44 - m. Suppose 0 = -o*i - q + 134, -49 = -i - i - 5*q. What is the greatest common factor of i and 9?
9
Let q = -3588 + 4295. Calculate the highest common factor of 7 and q.
7
Suppose -b - 3*a = -465, 13*b + 453 = 14*b - a. Let u = b + -438. What is the h